{"id":1459,"date":"2021-09-28T15:53:21","date_gmt":"2021-09-28T18:53:21","guid":{"rendered":"https:\/\/metrologia2021.org.br\/?page_id=1459"},"modified":"2021-11-05T16:55:32","modified_gmt":"2021-11-05T19:55:32","slug":"programa-cbmo","status":"publish","type":"page","link":"https:\/\/metrologia2021.org.br\/?page_id=1459","title":{"rendered":"PROGRAMA &#8211; CBMO"},"content":{"rendered":"<p>[vc_row][vc_column][vc_message message_box_style=&#8221;outline&#8221; message_box_color=&#8221;om-accent-color-3&#8243; icon_fontawesome=&#8221;fa fa-book&#8221;]<\/p>\n<h4 style=\"text-align: center;\"><strong>ISBN<\/strong>: 978-65-994975-8-2<\/h4>\n<p>[\/vc_message][om_agenda display_room=&#8221;&#8221; display_speakers=&#8221;&#8221;][om_agenda_day color=&#8221;om-accent-color-2&#8243; el_class=&#8221;om-agenda-day-header-assicrona&#8221;][\/om_agenda_day][om_agenda_day color=&#8221;om-accent-color-2&#8243; title=&#8221;ASS\u00cdNCRONA&#8221;][om_agenda_item icon_fontawesome=&#8221;fa fa-check&#8221; speaker_links=&#8221;&#8221; title=&#8221;`{`206999`}` Use of optical coherence tomography (OCT) as a metrological tool measuring the volume of HepG2 tumor cell spheroids&#8221;]Autores: Aldo Patrick Assump\u00e7\u00e3o Corr\u00eaa, Leonardo C Boldrini, Guilherme A Miranda, Leandra S Baptista, Igor Malinovski, Ana P D Alvarenga, Iakyra B Couceiro, Jos\u00e9 M Granjeiro<\/p>\n<p><span class=\"vc_btn2-container vc_btn2-center\"><br \/>\n<a class=\"vc_general vc_btn3 vc_btn3-size-xl vc_btn3-shape-square vc_btn3-style-classic vc_btn3-color-om-accent-color-3 vc_btn3-icon-left\" href=\"https:\/\/metrologia2021.org.br\/?p=1779\"><span class=\"vc_btn3-inner\"><i class=\"vc_btn3-icon fa fa-file-pdf-o\"><\/i> P\u00e1gina do Artigo<\/span><\/a><br \/>\n<\/span>[\/om_agenda_item][om_agenda_item icon_fontawesome=&#8221;fa fa-check&#8221; speaker_links=&#8221;&#8221; title=&#8221;`{`206580`}` Calibra\u00e7\u00e3o do fator de corre\u00e7\u00e3o de medidor de pot\u00eancia \u00f3ptica sobre cinco ordens de grandeza&#8221;]Autores: Thiago Ferreira da Silva, Priscila Azevedo Costa Bessa<\/p>\n<p><span class=\"vc_btn2-container vc_btn2-center\"><br \/>\n<a class=\"vc_general vc_btn3 vc_btn3-size-xl vc_btn3-shape-square vc_btn3-style-classic vc_btn3-color-om-accent-color-3 vc_btn3-icon-left\" href=\"https:\/\/metrologia2021.org.br\/?p=1789\"><span class=\"vc_btn3-inner\"><i class=\"vc_btn3-icon fa fa-file-pdf-o\"><\/i> P\u00e1gina do Artigo<\/span><\/a><br \/>\n<\/span>[\/om_agenda_item][om_agenda_item icon_fontawesome=&#8221;fa fa-check&#8221; speaker_links=&#8221;&#8221; title=&#8221;`{`205077`}` Digital enhancement of OCT images toward better diagnostic of precursor cancer lesions in the uterine colon&#8221;]Autores: Igor Malinovski, I. B. Couceiro, A. D. Alvarenga, A. H. Cordes<\/p>\n<p><span class=\"vc_btn2-container vc_btn2-center\"><br \/>\n<a class=\"vc_general vc_btn3 vc_btn3-size-xl vc_btn3-shape-square vc_btn3-style-classic vc_btn3-color-om-accent-color-3 vc_btn3-icon-left\" href=\"https:\/\/metrologia2021.org.br\/?p=1791\"><span class=\"vc_btn3-inner\"><i class=\"vc_btn3-icon fa fa-file-pdf-o\"><\/i> P\u00e1gina do Artigo<\/span><\/a><br \/>\n<\/span>[\/om_agenda_item][om_agenda_item icon_fontawesome=&#8221;fa fa-check&#8221; speaker_links=&#8221;&#8221; title=&#8221;`{`206926`}` Validation of an automated sample-turning setup for measuring the optical rotation of quartz control plates&#8221;]Autores: Marcelo Bezerra Guedes, Ana Paula Dornelles De Alvarenga<\/p>\n<p><span class=\"vc_btn2-container vc_btn2-center\"><br \/>\n<a class=\"vc_general vc_btn3 vc_btn3-size-xl vc_btn3-shape-square vc_btn3-style-classic vc_btn3-color-om-accent-color-3 vc_btn3-icon-left\" href=\"https:\/\/metrologia2021.org.br\/?p=1793\"><span class=\"vc_btn3-inner\"><i class=\"vc_btn3-icon fa fa-file-pdf-o\"><\/i> P\u00e1gina do Artigo<\/span><\/a><br \/>\n<\/span>[\/om_agenda_item][om_agenda_item icon_fontawesome=&#8221;fa fa-check&#8221; speaker_links=&#8221;&#8221; title=&#8221;`{`206264`}` Proposta de uma abordagem para a estimativa da incerteza em TCC e outras grandezas colorim\u00e9tricas&#8221;]Autores: Thiago Menegotto, Ivo \u00c1zara<\/p>\n<p><span class=\"vc_btn2-container vc_btn2-center\"><br \/>\n<a class=\"vc_general vc_btn3 vc_btn3-size-xl vc_btn3-shape-square vc_btn3-style-classic vc_btn3-color-om-accent-color-3 vc_btn3-icon-left\" href=\"https:\/\/metrologia2021.org.br\/?p=1796\"><span class=\"vc_btn3-inner\"><i class=\"vc_btn3-icon fa fa-file-pdf-o\"><\/i> P\u00e1gina do Artigo<\/span><\/a><br \/>\n<\/span>[\/om_agenda_item][om_agenda_item icon_fontawesome=&#8221;fa fa-check&#8221; speaker_links=&#8221;&#8221; title=&#8221;`{`201869`}` Circuito para ajuste da corrente de uma l\u00e2mpada padr\u00e3o ao seu valor de certificado&#8221;]Autores: Andr\u00e9 da Silva Sardinha<\/p>\n<p><span class=\"vc_btn2-container vc_btn2-center\"><br \/>\n<a class=\"vc_general vc_btn3 vc_btn3-size-xl vc_btn3-shape-square vc_btn3-style-classic vc_btn3-color-om-accent-color-3 vc_btn3-icon-left\" href=\"https:\/\/metrologia2021.org.br\/?p=1798\"><span class=\"vc_btn3-inner\"><i class=\"vc_btn3-icon fa fa-file-pdf-o\"><\/i> P\u00e1gina do Artigo<\/span><\/a><br \/>\n<\/span>[\/om_agenda_item][om_agenda_item icon_fontawesome=&#8221;fa fa-check&#8221; speaker_links=&#8221;&#8221; title=&#8221;`{`197356`}` Pre-processing and noise reduction for 2D interferometric images&#8221;]Autores: Ricardo dos Santos Fran\u00e7a<\/p>\n<p><span class=\"vc_btn2-container vc_btn2-center\"><br \/>\n<a class=\"vc_general vc_btn3 vc_btn3-size-xl vc_btn3-shape-square vc_btn3-style-classic vc_btn3-color-om-accent-color-3 vc_btn3-icon-left\" href=\"https:\/\/metrologia2021.org.br\/?p=1811\"><span class=\"vc_btn3-inner\"><i class=\"vc_btn3-icon fa fa-file-pdf-o\"><\/i> P\u00e1gina do Artigo<\/span><\/a><br \/>\n<\/span>[\/om_agenda_item][om_agenda_item icon_fontawesome=&#8221;fa fa-check&#8221; speaker_links=&#8221;&#8221; title=&#8221;`{`208276`}` Characterization of an OCT probe for use in the diagnosis of precancerous lesions of the cervix&#8221;]Autores: Andrew Henry Cordes, Jean Pierre von der Weid, Fabio Russomano, Cecilia Vianna De Andrade, Igor Malinovsky, Ana Paula D. Alvarenga, Iakyra B. Couceiro<\/p>\n<p><span class=\"vc_btn2-container vc_btn2-center\"><br \/>\n<a class=\"vc_general vc_btn3 vc_btn3-size-xl vc_btn3-shape-square vc_btn3-style-classic vc_btn3-color-om-accent-color-3 vc_btn3-icon-left\" href=\"https:\/\/metrologia2021.org.br\/?p=1814\"><span class=\"vc_btn3-inner\"><i class=\"vc_btn3-icon fa fa-file-pdf-o\"><\/i> P\u00e1gina do Artigo<\/span><\/a><br \/>\n<\/span>[\/om_agenda_item][\/om_agenda_day][\/om_agenda][\/vc_column][\/vc_row][vc_row][vc_column][\/vc_column][\/vc_row]<\/p>\n","protected":false},"excerpt":{"rendered":"<p>[vc_row][vc_column][vc_message message_box_style=&#8221;outline&#8221; message_box_color=&#8221;om-accent-color-3&#8243; icon_fontawesome=&#8221;fa fa-book&#8221;] ISBN: 978-65-994975-8-2 [\/vc_message][om_agenda display_room=&#8221;&#8221; display_speakers=&#8221;&#8221;][om_agenda_day color=&#8221;om-accent-color-2&#8243; el_class=&#8221;om-agenda-day-header-assicrona&#8221;][\/om_agenda_day][om_agenda_day color=&#8221;om-accent-color-2&#8243; title=&#8221;ASS\u00cdNCRONA&#8221;][om_agenda_item icon_fontawesome=&#8221;fa fa-check&#8221; speaker_links=&#8221;&#8221; title=&#8221;`{`206999`}` Use of optical coherence tomography (OCT) as&hellip;<\/p>\n<p><a href=\"https:\/\/metrologia2021.org.br\/?page_id=1459\" class=\"read-more-link\"><span class=\"read-more-icon\"><\/span>Leia mais<\/a><\/p>\n","protected":false},"author":1,"featured_media":0,"parent":0,"menu_order":0,"comment_status":"closed","ping_status":"closed","template":"","meta":[],"_links":{"self":[{"href":"https:\/\/metrologia2021.org.br\/index.php?rest_route=\/wp\/v2\/pages\/1459"}],"collection":[{"href":"https:\/\/metrologia2021.org.br\/index.php?rest_route=\/wp\/v2\/pages"}],"about":[{"href":"https:\/\/metrologia2021.org.br\/index.php?rest_route=\/wp\/v2\/types\/page"}],"author":[{"embeddable":true,"href":"https:\/\/metrologia2021.org.br\/index.php?rest_route=\/wp\/v2\/users\/1"}],"replies":[{"embeddable":true,"href":"https:\/\/metrologia2021.org.br\/index.php?rest_route=%2Fwp%2Fv2%2Fcomments&post=1459"}],"version-history":[{"count":7,"href":"https:\/\/metrologia2021.org.br\/index.php?rest_route=\/wp\/v2\/pages\/1459\/revisions"}],"predecessor-version":[{"id":2069,"href":"https:\/\/metrologia2021.org.br\/index.php?rest_route=\/wp\/v2\/pages\/1459\/revisions\/2069"}],"wp:attachment":[{"href":"https:\/\/metrologia2021.org.br\/index.php?rest_route=%2Fwp%2Fv2%2Fmedia&parent=1459"}],"curies":[{"name":"wp","href":"https:\/\/api.w.org\/{rel}","templated":true}]}}