{"id":601,"date":"2021-01-11T13:01:58","date_gmt":"2021-01-11T16:01:58","guid":{"rendered":"https:\/\/metrologia2021.org.br\/?page_id=601"},"modified":"2021-09-16T10:07:23","modified_gmt":"2021-09-16T13:07:23","slug":"patrocinio","status":"publish","type":"page","link":"https:\/\/metrologia2021.org.br\/?page_id=601","title":{"rendered":"PATROC\u00cdNIO"},"content":{"rendered":"<p>[vc_row][vc_column][vc_column_text]O Metrologia 2021 reunir\u00e1 pesquisadores, representantes de institui\u00e7\u00f5es nacionais e internacionais que estudam e trabalham em tecnologias e produtos da metrologia e da avalia\u00e7\u00e3o de conformidade. Entre os participantes encontram-se tamb\u00e9m representantes dos mais diversos setores como:\u00a0agroindu\u0301stria, alimentos, biotecnologia, bioengenharia, dureza, el\u00e9trica, engenharia, f\u00edsica, for\u00e7a, forense, massa, metal\u00fargico, qu\u00edmica, \u00f3ptica, petr\u00f3leo e g\u00e1s, entre outras.<\/p>\n<p>O Metrologia 2021 possui um diversificado p\u00fablico-alvo de grande interesse para diversos setores da ind\u00fastria e com\u00e9rcio e, em particular, para todas as institui\u00e7\u00f5es de pesquisa relacionadas com a metrologia.<\/p>\n<p>Confira as cota de patroc\u00ednio na tabela a seguir.[\/vc_column_text][om_html_table style=&#8221;striped&#8221; align=&#8221;center&#8221;]JTNDdGFibGUlMjBzdHlsZSUzRCUyMmJvcmRlciUzQSUyMDFweCUyMHNvbGlkJTIwcmdiYSUyODAlMkMlMjAwJTJDJTIwMCUyQyUyMDAuMSUyOSUzQiUyMHdpZHRoJTNBJTIwNzAlMjUlM0JtYXJnaW4lM0FhdXRvJTIyJTNFJTBBJTNDdGJvZHklM0UlMEElM0N0ciUyMHN0eWxlJTNEJTIyYm9yZGVyJTNBJTIwMXB4JTIwc29saWQlMjByZ2JhJTI4MCUyQyUyMDAlMkMlMjAwJTJDJTIwMC4xJTI5JTNCJTIwaGVpZ2h0JTNBJTIwMjRweCUzQiUyMiUzRSUwQSUzQ3RkJTIwc3R5bGUlM0QlMjJib3JkZXIlM0ElMjAxcHglMjBzb2xpZCUyMHJnYmElMjgwJTJDJTIwMCUyQyUyMDAlMkMlMjAwLjElMjklM0IlMjBiYWNrZ3JvdW5kLWNvbG9yJTNBJTIwJTIzYzNjN2NhJTNCJTIwaGVpZ2h0JTNBJTIwMjRweCUzQiUyMHdpZHRoJTNBJTIwNDAlMjUlM0IlMjB0ZXh0LWFsaWduJTNBJTIwY2VudGVyJTNCJTIyJTNFJTNDc3Ryb25nJTNFJUMyJUEwUGxhbm8lM0MlMkZzdHJvbmclM0UlM0MlMkZ0ZCUzRSUwQSUzQ3RkJTIwYWxpZ24lM0QlMjJjZW50ZXIlMjIlMjB2YWxpZ24lM0QlMjJtaWRkbGUlMjIlMjBzdHlsZSUzRCUyMmJvcmRlciUzQSUyMDFweCUyMHNvbGlkJTIwcmdiYSUyODAlMkMlMjAwJTJDJTIwMCUyQyUyMDAuMSUyOSUzQiUyMGJhY2tncm91bmQtY29sb3IlM0ElMjAlMjNjM2M3Y2ElM0IlMjBoZWlnaHQlM0ElMjAyNHB4JTNCJTIwdGV4dC1hbGlnbiUzQSUyMGNlbnRlciUzQiUyMiUzRSUzQ3N0cm9uZyUzRURpYW1hbnRlJTNDJTJGc3Ryb25nJTNFJTNDJTJGdGQlM0UlMEElM0N0ZCUyMGFsaWduJTNEJTIyY2VudGVyJTIyJTIwdmFsaWduJTNEJTIybWlkZGxlJTIyJTIwc3R5bGUlM0QlMjJib3JkZXIlM0ElMjAxcHglMjBzb2xpZCUyMHJnYmElMjgwJTJDJTIwMCUyQyUyMDAlMkMlMjAwLjElMjklM0IlMjBiYWNrZ3JvdW5kLWNvbG9yJTNBJTIwJTIzYzNjN2NhJTNCJTIwaGVpZ2h0JTNBJTIwMjRweCUzQiUyMHRleHQtYWxpZ24lM0ElMjBjZW50ZXIlM0IlMjIlM0UlM0NzdHJvbmclM0VPdXJvJTNDJTJGc3Ryb25nJTNFJTNDJTJGdGQlM0UlMEElM0N0ZCUyMGFsaWduJTNEJTIyY2VudGVyJTIyJTIwdmFsaWduJTNEJTIybWlkZGxlJTIyJTIwc3R5bGUlM0QlMjJib3JkZXIlM0ElMjAxcHglMjBzb2xpZCUyMHJnYmElMjgwJTJDJTIwMCUyQyUyMDAlMkMlMjAwLjElMjklM0IlMjBiYWNrZ3JvdW5kLWNvbG9yJTNBJTIwJTIzYzNjN2NhJTNCJTIwaGVpZ2h0JTNBJTIwMjRweCUzQiUyMHRleHQtYWxpZ24lM0ElMjBjZW50ZXIlM0IlMjIlM0UlM0NzdHJvbmclM0VQcmF0YSUzQyUyRnN0cm9uZyUzRSUzQyUyRnRkJTNFJTBBJTNDdGQlMjBhbGlnbiUzRCUyMmNlbnRlciUyMiUyMHZhbGlnbiUzRCUyMm1pZGRsZSUyMiUyMHN0eWxlJTNEJTIyYm9yZGVyJTNBJTIwMXB4JTIwc29saWQlMjByZ2JhJTI4MCUyQyUyMDAlMkMlMjAwJTJDJTIwMC4xJTI5JTNCJTIwYmFja2dyb3VuZC1jb2xvciUzQSUyMCUyM2MzYzdjYSUzQiUyMGhlaWdodCUzQSUyMDI0cHglM0IlMjB0ZXh0LWFsaWduJTNBJTIwY2VudGVyJTNCJTIyJTNFJTNDc3Ryb25nJTNFQnJvbnplJTNDJTJGc3Ryb25nJTNFJTNDJTJGdGQlM0UlMEElM0MlMkZ0ciUzRSUwQSUzQ3RyJTIwc3R5bGUlM0QlMjJib3JkZXIlM0ElMjAxcHglMjBzb2xpZCUyMHJnYmElMjgwJTJDJTIwMCUyQyUyMDAlMkMlMjAwLjElMjklM0IlMjBoZWlnaHQlM0ElMjAzcHglM0IlMjIlM0UlMEElM0N0ZCUyMHN0eWxlJTNEJTIyYm9yZGVyJTNBJTIwMXB4JTIwc29saWQlMjByZ2JhJTI4MCUyQyUyMDAlMkMlMjAwJTJDJTIwMC4xJTI5JTNCJTIwaGVpZ2h0JTNBJTIwM3B4JTNCJTIwYmFja2dyb3VuZC1jb2xvciUzQSUyMCUyM2ViZWVmMSUzQiUyMHRleHQtYWxpZ24lM0ElMjBjZW50ZXIlM0IlMjIlM0UlM0NzdHJvbmclM0UlQzIlQTBCZW5lZiVDMyVBRGNpb3MlMkZWYWxvciUzQyUyRnN0cm9uZyUzRSUzQyUyRnRkJTNFJTBBJTNDdGQlMjBhbGlnbiUzRCUyMmNlbnRlciUyMiUyMHZhbGlnbiUzRCUyMm1pZGRsZSUyMiUyMHN0eWxlJTNEJTIyYm9yZGVyJTNBJTIwMXB4JTIwc29saWQlMjByZ2JhJTI4MCUyQyUyMDAlMkMlMjAwJTJDJTIwMC4xJTI5JTNCJTIwaGVpZ2h0JTNBJTIwM3B4JTNCJTIwYmFja2dyb3VuZC1jb2xvciUzQSUyMCUyM2ViZWVmMSUzQiUyMHRleHQtYWxpZ24lM0ElMjBjZW50ZXIlM0IlMjIlM0UlM0NzdHJvbmclM0UlQzIlQTBSJTI0JTIwMjAuMDAwJTJDMDAlM0MlMkZzdHJvbmclM0UlM0MlMkZ0ZCUzRSUwQSUzQ3RkJTIwYWxpZ24lM0QlMjJjZW50ZXIlMjIlMjB2YWxpZ24lM0QlMjJtaWRkbGUlMjIlMjBzdHlsZSUzRCUyMmJvcmRlciUzQSUyMDFweCUyMHNvbGlkJTIwcmdiYSUyODAlMkMlMjAwJTJDJTIwMCUyQyUyMDAuMSUyOSUzQiUyMGhlaWdodCUzQSUyMDNweCUzQiUyMGJhY2tncm91bmQtY29sb3IlM0ElMjAlMjNlYmVlZjElM0IlMjB0ZXh0LWFsaWduJTNBJTIwY2VudGVyJTNCJTIyJTNFJTNDc3Ryb25nJTNFJUMyJUEwUiUyNCUyMDEwLjAwMCUyQzAwJTNDJTJGc3Ryb25nJTNFJTNDJTJGdGQlM0UlMEElM0N0ZCUyMGFsaWduJTNEJTIyY2VudGVyJTIyJTIwdmFsaWduJTNEJTIybWlkZGxlJTIyJTIwc3R5bGUlM0QlMjJib3JkZXIlM0ElMjAxcHglMjBzb2xpZCUyMHJnYmElMjgwJTJDJTIwMCUyQyUyMDAlMkMlMjAwLjElMjklM0IlMjBoZWlnaHQlM0ElMjAzcHglM0IlMjBiYWNrZ3JvdW5kLWNvbG9yJTNBJTIwJTIzZWJlZWYxJTNCJTIwdGV4dC1hbGlnbiUzQSUyMGNlbnRlciUzQiUyMiUzRSUzQ3N0cm9uZyUzRSVDMiVBMFIlMjQlMjA1LjAwMCUyQzAwJTNDJTJGc3Ryb25nJTNFJTNDJTJGdGQlM0UlMEElM0N0ZCUyMGFsaWduJTNEJTIyY2VudGVyJTIyJTIwdmFsaWduJTNEJTIybWlkZGxlJTIyJTIwc3R5bGUlM0QlMjJib3JkZXIlM0ElMjAxcHglMjBzb2xpZCUyMHJnYmElMjgwJTJDJTIwMCUyQyUyMDAlMkMlMjAwLjElMjklM0IlMjBoZWlnaHQlM0ElMjAzcHglM0IlMjBiYWNrZ3JvdW5kLWNvbG9yJTNBJTIwJTIzZWJlZWYxJTNCJTIwdGV4dC1hbGlnbiUzQSUyMGNlbnRlciUzQiUyMiUzRSUzQ3N0cm9uZyUzRVIlMjQlMjAyLjUwMCUyQzAwJTNDJTJGc3Ryb25nJTNFJTNDJTJGdGQlM0UlMEElM0MlMkZ0ciUzRSUwQSUzQ3RyJTIwc3R5bGUlM0QlMjJib3JkZXIlM0ElMjAxcHglMjBzb2xpZCUyMHJnYmElMjgwJTJDJTIwMCUyQyUyMDAlMkMlMjAwLjElMjklM0IlMjBoZWlnaHQlM0ElMjAzcHglM0IlMjIlM0UlMEElM0N0ZCUyMHN0eWxlJTNEJTIyYm9yZGVyJTNBJTIwMXB4JTIwc29saWQlMjByZ2JhJTI4MCUyQyUyMDAlMkMlMjAwJTJDJTIwMC4xJTI5JTNCJTIwaGVpZ2h0JTNBJTIwM3B4JTNCJTIwd2lkdGglM0ElMjAzMCUyNSUzQiUyMGJhY2tncm91bmQtY29sb3IlM0ElMjAlMjNmZmZmZmYlM0IlMjB0ZXh0LWFsaWduJTNBJTIwbGVmdCUzQiUyMiUzRVBhbGVzdHJhJTIwaW5zdGl0dWNpb25hbCUzQyUyRnRkJTNFJTBBJTNDdGQlMjBhbGlnbiUzRCUyMmNlbnRlciUyMiUyMHZhbGlnbiUzRCUyMm1pZGRsZSUyMiUyMHN0eWxlJTNEJTIyYm9yZGVyJTNBJTIwMXB4JTIwc29saWQlMjByZ2JhJTI4MCUyQyUyMDAlMkMlMjAwJTJDJTIwMC4xJTI5JTNCJTIwaGVpZ2h0JTNBJTIwM3B4JTNCJTIwd2lkdGglM0ElMjAxNzZweCUzQiUyMGJhY2tncm91bmQtY29sb3IlM0ElMjAlMjNmZmZmZmYlM0IlMjB0ZXh0LWFsaWduJTNBJTIwY2VudGVyJTNCJTIyJTNFJTNDc3BhbiUyMHN0eWxlJTNEJTIyZm9udC1zaXplJTNBJTIwMjBwdCUzQiUyMGNvbG9yJTNBJTIwJTIzM2RkOTNkJTNCJTIyJTNFJTNDaSUyMGNsYXNzJTNEJTIyZmElMjBmYS1jaGVjay1jaXJjbGUlMjBpY29uLXN1Y2Nlc3MlMjIlM0UlM0MlMkZpJTNFJTNDJTJGc3BhbiUzRSUzQyUyRnRkJTNFJTBBJTNDdGQlMjBhbGlnbiUzRCUyMmNlbnRlciUyMiUyMHZhbGlnbiUzRCUyMm1pZGRsZSUyMiUyMHN0eWxlJTNEJTIyYm9yZGVyJTNBJTIwMXB4JTIwc29saWQlMjByZ2JhJTI4MCUyQyUyMDAlMkMlMjAwJTJDJTIwMC4xJTI5JTNCJTIwaGVpZ2h0JTNBJTIwM3B4JTNCJTIwd2lkdGglM0ElMjAxNzZweCUzQiUyMGJhY2tncm91bmQtY29sb3IlM0ElMjAlMjNmZmZmZmYlM0IlMjB0ZXh0LWFsaWduJTNBJTIwY2VudGVyJTNCJTIyJTNFJTNDc3BhbiUyMHN0eWxlJTNEJTIyY29sb3IlM0ElMjAlMjNiODE4MTglM0IlMjBmb250LXNpemUlM0ElMjAyMHB0JTNCJTIyJTNFJTNDaSUyMGNsYXNzJTNEJTIyZmElMjBmYS10aW1lcy1jaXJjbGUlMjBpY29uLWRhbmdlciUyMiUzRSUzQyUyRmklM0UlM0MlMkZzcGFuJTNFJTNDJTJGdGQlM0UlMEElM0N0ZCUyMGFsaWduJTNEJTIyY2VudGVyJTIyJTIwdmFsaWduJTNEJTIybWlkZGxlJTIyJTIwc3R5bGUlM0QlMjJib3JkZXIlM0ElMjAxcHglMjBzb2xpZCUyMHJnYmElMjgwJTJDJTIwMCUyQyUyMDAlMkMlMjAwLjElMjklM0IlMjBoZWlnaHQlM0ElMjAzcHglM0IlMjB3aWR0aCUzQSUyMDE3NnB4JTNCJTIwYmFja2dyb3VuZC1jb2xvciUzQSUyMCUyM2ZmZmZmZiUzQiUyMHRleHQtYWxpZ24lM0ElMjBjZW50ZXIlM0IlMjIlM0UlM0NzcGFuJTIwc3R5bGUlM0QlMjJjb2xvciUzQSUyMCUyM2I4MTgxOCUzQiUyMGZvbnQtc2l6ZSUzQSUyMDIwcHQlM0IlMjIlM0UlM0NpJTIwY2xhc3MlM0QlMjJmYSUyMGZhLXRpbWVzLWNpcmNsZSUyMGljb24tZGFuZ2VyJTIyJTNFJTNDJTJGaSUzRSUzQyUyRnNwYW4lM0UlM0MlMkZ0ZCUzRSUwQSUzQ3RkJTIwYWxpZ24lM0QlMjJjZW50ZXIlMjIlMjB2YWxpZ24lM0QlMjJtaWRkbGUlMjIlMjBzdHlsZSUzRCUyMmJvcmRlciUzQSUyMDFweCUyMHNvbGlkJTIwcmdiYSUyODAlMkMlMjAwJTJDJTIwMCUyQyUyMDAuMSUyOSUzQiUyMGhlaWdodCUzQSUyMDNweCUzQiUyMHdpZHRoJTNBJTIwMTc2cHglM0IlMjBiYWNrZ3JvdW5kLWNvbG9yJTNBJTIwJTIzZmZmZmZmJTNCJTIwdGV4dC1hbGlnbiUzQSUyMGNlbnRlciUzQiUyMiUzRSUzQ3NwYW4lMjBzdHlsZSUzRCUyMmZvbnQtc2l6ZSUzQSUyMDIwcHQlM0IlMjBjb2xvciUzQSUyMCUyM2I4MTgxOCUzQiUyMiUzRSUzQ2klMjBjbGFzcyUzRCUyMmZhJTIwZmEtdGltZXMtY2lyY2xlJTIwaWNvbi1kYW5nZXIlMjIlM0UlM0MlMkZzcGFuJTNFJTNDJTJGdGQlM0UlMEElM0MlMkZ0ciUzRSUwQSUzQ3RyJTIwc3R5bGUlM0QlMjJib3JkZXIlM0ElMjAxcHglMjBzb2xpZCUyMHJnYmElMjgwJTJDJTIwMCUyQyUyMDAlMkMlMjAwLjElMjklM0IlMjBoZWlnaHQlM0ElMjAzcHglM0IlMjIlM0UlMEElMjAlMjAlM0N0ZCUyMGJnY29sb3IlM0QlMjIlMjNDQ0NDQ0MlMjIlMjBzdHlsZSUzRCUyMmJvcmRlciUzQSUyMDFweCUyMHNvbGlkJTIwcmdiYSUyODAlMkMlMjAwJTJDJTIwMCUyQyUyMDAuMSUyOSUzQiUyMGhlaWdodCUzQSUyMDNweCUzQiUyMHdpZHRoJTNBJTIwMzAlMjUlM0IlMjBiYWNrZ3JvdW5kLWNvbG9yJTNBJTIwJTIzZjRmOWZiJTNCJTIwdGV4dC1hbGlnbiUzQSUyMGxlZnQlM0IlMjIlM0VCYW5uZXIlMjBkYSUyMGluc3RpdHVpJUMzJUE3JUMzJUEzbyUyMG5vJTIwc2l0ZSUyMGRvJTIwZXZlbnRvJTNDJTJGdGQlM0UlMEElMjAlMjAlM0N0ZCUyMGFsaWduJTNEJTIyY2VudGVyJTIyJTIwdmFsaWduJTNEJTIybWlkZGxlJTIyJTIwYmdjb2xvciUzRCUyMiUyM0NDQ0NDQyUyMiUyMHN0eWxlJTNEJTIyYm9yZGVyJTNBJTIwMXB4JTIwc29saWQlMjByZ2JhJTI4MCUyQyUyMDAlMkMlMjAwJTJDJTIwMC4xJTI5JTNCJTIwaGVpZ2h0JTNBJTIwM3B4JTNCJTIwd2lkdGglM0ElMjAxNzZweCUzQiUyMGJhY2tncm91bmQtY29sb3IlM0ElMjAlMjNmNGY5ZmIlM0IlMjB0ZXh0LWFsaWduJTNBJTIwY2VudGVyJTNCJTIyJTNFJTNDc3BhbiUyMHN0eWxlJTNEJTIyZm9udC1zaXplJTNBJTIwMjBwdCUzQiUyMGNvbG9yJTNBJTIwJTIzM2RkOTNkJTNCJTIyJTNFJTNDaSUyMGNsYXNzJTNEJTIyZmElMjBmYS1jaGVjay1jaXJjbGUlMjBpY29uLXN1Y2Nlc3MlMjIlM0UlM0MlMkZpJTNFJTNDJTJGc3BhbiUzRSUzQyUyRnRkJTNFJTBBJTIwJTIwJTNDdGQlMjBhbGlnbiUzRCUyMmNlbnRlciUyMiUyMHZhbGlnbiUzRCUyMm1pZGRsZSUyMiUyMGJnY29sb3IlM0QlMjIlMjNDQ0NDQ0MlMjIlMjBzdHlsZSUzRCUyMmJvcmRlciUzQSUyMDFweCUyMHNvbGlkJTIwcmdiYSUyODAlMkMlMjAwJTJDJTIwMCUyQyUyMDAuMSUyOSUzQiUyMGhlaWdodCUzQSUyMDNweCUzQiUyMHdpZHRoJTNBJTIwMTc2cHglM0JiYWNrZ3JvdW5kLWNvbG9yJTNBJTIwJTIzZjRmOWZiJTNCJTIwdGV4dC1hbGlnbiUzQSUyMGNlbnRlciUzQiUyMiUzRSUzQ3NwYW4lMjBzdHlsZSUzRCUyMmNvbG9yJTNBJTIwJTIzYjgxODE4JTNCJTIwZm9udC1zaXplJTNBJTIwMjBwdCUzQiUyMiUzRSUzQ2klMjBjbGFzcyUzRCUyMmZhJTIwZmEtdGltZXMtY2lyY2xlJTIwaWNvbi1kYW5nZXIlMjIlM0UlM0MlMkZpJTNFJTNDJTJGc3BhbiUzRSUzQyUyRnRkJTNFJTBBJTIwJTIwJTNDdGQlMjBhbGlnbiUzRCUyMmNlbnRlciUyMiUyMHZhbGlnbiUzRCUyMm1pZGRsZSUyMiUyMGJnY29sb3IlM0QlMjIlMjNDQ0NDQ0MlMjIlMjBzdHlsZSUzRCUyMmJvcmRlciUzQSUyMDFweCUyMHNvbGlkJTIwcmdiYSUyODAlMkMlMjAwJTJDJTIwMCUyQyUyMDAuMSUyOSUzQiUyMGhlaWdodCUzQSUyMDNweCUzQiUyMHdpZHRoJTNBJTIwMTc2cHglM0IlMjBiYWNrZ3JvdW5kLWNvbG9yJTNBJTIwJTIzZmZmZmZmJTNCJTIwYmFja2dyb3VuZC1jb2xvciUzQSUyMCUyM2Y0ZjlmYiUzQnRleHQtYWxpZ24lM0ElMjBjZW50ZXIlM0IlMjIlM0UlM0NzcGFuJTIwc3R5bGUlM0QlMjJjb2xvciUzQSUyMCUyM2I4MTgxOCUzQiUyMGZvbnQtc2l6ZSUzQSUyMDIwcHQlM0IlMjIlM0UlM0NpJTIwY2xhc3MlM0QlMjJmYSUyMGZhLXRpbWVzLWNpcmNsZSUyMGljb24tZGFuZ2VyJTIyJTNFJTNDJTJGaSUzRSUzQyUyRnNwYW4lM0UlM0MlMkZ0ZCUzRSUwQSUyMCUyMCUzQ3RkJTIwYWxpZ24lM0QlMjJjZW50ZXIlMjIlMjB2YWxpZ24lM0QlMjJtaWRkbGUlMjIlMjBiZ2NvbG9yJTNEJTIyJTIzQ0NDQ0NDJTIyJTIwc3R5bGUlM0QlMjJib3JkZXIlM0ElMjAxcHglMjBzb2xpZCUyMHJnYmElMjgwJTJDJTIwMCUyQyUyMDAlMkMlMjAwLjElMjklM0IlMjBoZWlnaHQlM0ElMjAzcHglM0IlMjB3aWR0aCUzQSUyMDE3NnB4JTNCJTIwYmFja2dyb3VuZC1jb2xvciUzQSUyMCUyM2Y0ZjlmYiUzQiUyMHRleHQtYWxpZ24lM0ElMjBjZW50ZXIlM0IlMjIlM0UlM0NzcGFuJTIwc3R5bGUlM0QlMjJmb250LXNpemUlM0ElMjAyMHB0JTNCJTIwY29sb3IlM0ElMjAlMjNiODE4MTglM0IlMjIlM0UlM0NpJTIwY2xhc3MlM0QlMjJmYSUyMGZhLXRpbWVzLWNpcmNsZSUyMGljb24tZGFuZ2VyJTIyJTNFJTNDJTJGaSUzRSUzQyUyRnNwYW4lM0UlM0MlMkZ0ZCUzRSUwQSUzQyUyRnRyJTNFJTBBJTNDdHIlMjBzdHlsZSUzRCUyMmJvcmRlciUzQSUyMDFweCUyMHNvbGlkJTIwcmdiYSUyODAlMkMlMjAwJTJDJTIwMCUyQyUyMDAuMSUyOSUzQiUyMGhlaWdodCUzQSUyMDNweCUzQiUyMiUzRSUwQSUzQ3RkJTIwc3R5bGUlM0QlMjJib3JkZXIlM0ElMjAxcHglMjBzb2xpZCUyMHJnYmElMjgwJTJDJTIwMCUyQyUyMDAlMkMlMjAwLjElMjklM0IlMjBoZWlnaHQlM0ElMjAzcHglM0IlMjB3aWR0aCUzQSUyMDMwJTI1JTNCJTIwYmFja2dyb3VuZC1jb2xvciUzQSUyMCUyM2ZmZmZmZiUzQiUyMHRleHQtYWxpZ24lM0ElMjBsZWZ0JTNCJTIyJTNFQWNlc3NvJTIwYW8lMjBjYWRhc3RybyUyMGRvcyUyMHBhcnRpY2lwYW50ZXMlM0MlMkZ0ZCUzRSUwQSUzQ3RkJTIwYWxpZ24lM0QlMjJjZW50ZXIlMjIlMjB2YWxpZ24lM0QlMjJtaWRkbGUlMjIlMjBzdHlsZSUzRCUyMmJvcmRlciUzQSUyMDFweCUyMHNvbGlkJTIwcmdiYSUyODAlMkMlMjAwJTJDJTIwMCUyQyUyMDAuMSUyOSUzQiUyMGhlaWdodCUzQSUyMDNweCUzQiUyMHdpZHRoJTNBJTIwMTc2cHglM0IlMjBiYWNrZ3JvdW5kLWNvbG9yJTNBJTIwJTIzZmZmZmZmJTNCJTIwdGV4dC1hbGlnbiUzQSUyMGNlbnRlciUzQiUyMiUzRSUzQ3NwYW4lMjBzdHlsZSUzRCUyMmZvbnQtc2l6ZSUzQSUyMDIwcHQlM0IlMjBjb2xvciUzQSUyMCUyMzNkZDkzZCUzQiUyMiUzRSUzQ2klMjBjbGFzcyUzRCUyMmZhJTIwZmEtY2hlY2stY2lyY2xlJTIwaWNvbi1zdWNjZXNzJTIyJTNFJTNDJTJGaSUzRSUzQyUyRnNwYW4lM0UlM0MlMkZ0ZCUzRSUwQSUzQ3RkJTIwYWxpZ24lM0QlMjJjZW50ZXIlMjIlMjB2YWxpZ24lM0QlMjJtaWRkbGUlMjIlMjBzdHlsZSUzRCUyMmJvcmRlciUzQSUyMDFweCUyMHNvbGlkJTIwcmdiYSUyODAlMkMlMjAwJTJDJTIwMCUyQyUyMDAuMSUyOSUzQiUyMGhlaWdodCUzQSUyMDNweCUzQiUyMHdpZHRoJTNBJTIwMTc2cHglM0IlMjBiYWNrZ3JvdW5kLWNvbG9yJTNBJTIwJTIzZmZmZmZmJTNCJTIwdGV4dC1hbGlnbiUzQSUyMGNlbnRlciUzQiUyMiUzRSUzQ3NwYW4lMjBzdHlsZSUzRCUyMmZvbnQtc2l6ZSUzQSUyMDIwcHQlM0IlMjBjb2xvciUzQSUyMCUyMzNkZDkzZCUzQiUyMiUzRSUzQ2klMjAlMjBjbGFzcyUzRCUyMmZhJTIwZmEtY2hlY2stY2lyY2xlJTIwaWNvbi1zdWNjZXNzJTIyJTNFJTNDJTJGaSUzRSUzQyUyRnNwYW4lM0UlM0MlMkZ0ZCUzRSUwQSUzQ3RkJTIwYWxpZ24lM0QlMjJjZW50ZXIlMjIlMjB2YWxpZ24lM0QlMjJtaWRkbGUlMjIlMjBzdHlsZSUzRCUyMmJvcmRlciUzQSUyMDFweCUyMHNvbGlkJTIwcmdiYSUyODAlMkMlMjAwJTJDJTIwMCUyQyUyMDAuMSUyOSUzQiUyMGhlaWdodCUzQSUyMDNweCUzQiUyMHdpZHRoJTNBJTIwMTc2cHglM0IlMjBiYWNrZ3JvdW5kLWNvbG9yJTNBJTIwJTIzZmZmZmZmJTNCJTIwdGV4dC1hbGlnbiUzQSUyMGNlbnRlciUzQiUyMiUzRSUzQ3NwYW4lMjBzdHlsZSUzRCUyMmNvbG9yJTNBJTIwJTIzYjgxODE4JTNCJTIwZm9udC1zaXplJTNBJTIwMjBwdCUzQiUyMiUzRSUzQ2klMjBjbGFzcyUzRCUyMmZhJTIwZmEtdGltZXMtY2lyY2xlJTIwaWNvbi1kYW5nZXIlMjIlM0UlM0MlMkZpJTNFJTNDJTJGc3BhbiUzRSUzQyUyRnRkJTNFJTBBJTNDdGQlMjBhbGlnbiUzRCUyMmNlbnRlciUyMiUyMHZhbGlnbiUzRCUyMm1pZGRsZSUyMiUyMHN0eWxlJTNEJTIyYm9yZGVyJTNBJTIwMXB4JTIwc29saWQlMjByZ2JhJTI4MCUyQyUyMDAlMkMlMjAwJTJDJTIwMC4xJTI5JTNCJTIwaGVpZ2h0JTNBJTIwM3B4JTNCJTIwd2lkdGglM0ElMjAxNzZweCUzQiUyMGJhY2tncm91bmQtY29sb3IlM0ElMjAlMjNmZmZmZmYlM0IlMjB0ZXh0LWFsaWduJTNBJTIwY2VudGVyJTNCJTIyJTNFJTNDc3BhbiUyMHN0eWxlJTNEJTIyZm9udC1zaXplJTNBJTIwMjBwdCUzQiUyMGNvbG9yJTNBJTIwJTIzYjgxODE4JTNCJTIyJTNFJTNDaSUyMGNsYXNzJTNEJTIyZmElMjBmYS10aW1lcy1jaXJjbGUlMjBpY29uLWRhbmdlciUyMiUzRSUzQyUyRmklM0UlM0MlMkZzcGFuJTNFJTNDJTJGdGQlM0UlMEElM0MlMkZ0ciUzRSUwQSUzQ3RyJTIwc3R5bGUlM0QlMjJib3JkZXIlM0ElMjAxcHglMjBzb2xpZCUyMHJnYmElMjgwJTJDJTIwMCUyQyUyMDAlMkMlMjAwLjElMjklM0IlMjBoZWlnaHQlM0ElMjAzcHglM0IlMjIlM0UlMEElMjAlMjAlM0N0ZCUyMGJnY29sb3IlM0QlMjIlMjNDQ0NDQ0MlMjIlMjBzdHlsZSUzRCUyMmJvcmRlciUzQSUyMDFweCUyMHNvbGlkJTIwcmdiYSUyODAlMkMlMjAwJTJDJTIwMCUyQyUyMDAuMSUyOSUzQiUyMGhlaWdodCUzQSUyMDNweCUzQiUyMHdpZHRoJTNBJTIwMzAlMjUlM0IlMjBiYWNrZ3JvdW5kLWNvbG9yJTNBJTIwJTIzZmZmZmZmJTNCYmFja2dyb3VuZC1jb2xvciUzQSUyMCUyM2Y0ZjlmYiUzQiUyMHRleHQtYWxpZ24lM0ElMjBsZWZ0JTNCJTIyJTNFViVDMyVBRGRlbyUyMGR1cmFudGUlMjBvJTIwZXZlbnRvJTNDJTJGdGQlM0UlMEElMjAlMjAlM0N0ZCUyMGFsaWduJTNEJTIyY2VudGVyJTIyJTIwdmFsaWduJTNEJTIybWlkZGxlJTIyJTIwYmdjb2xvciUzRCUyMiUyM0NDQ0NDQyUyMiUyMHN0eWxlJTNEJTIyYm9yZGVyJTNBJTIwMXB4JTIwc29saWQlMjByZ2JhJTI4MCUyQyUyMDAlMkMlMjAwJTJDJTIwMC4xJTI5JTNCJTIwaGVpZ2h0JTNBJTIwM3B4JTNCJTIwd2lkdGglM0ElMjAxNzZweCUzQiUyMGJhY2tncm91bmQtY29sb3IlM0ElMjAlMjNmNGY5ZmIlM0IlMjB0ZXh0LWFsaWduJTNBJTIwY2VudGVyJTNCJTIyJTNFJTNDc3BhbiUyMHN0eWxlJTNEJTIyZm9udC1zaXplJTNBJTIwMjBwdCUzQiUyMGNvbG9yJTNBJTIwJTIzM2RkOTNkJTNCJTIyJTNFJTNDaSUyMGNsYXNzJTNEJTIyZmElMjBmYS1jaGVjay1jaXJjbGUlMjBpY29uLXN1Y2Nlc3MlMjIlM0UlM0MlMkZpJTNFJTNDJTJGc3BhbiUzRSUzQyUyRnRkJTNFJTBBJTIwJTIwJTNDdGQlMjBhbGlnbiUzRCUyMmNlbnRlciUyMiUyMHZhbGlnbiUzRCUyMm1pZGRsZSUyMiUyMGJnY29sb3IlM0QlMjIlMjNDQ0NDQ0MlMjIlMjBzdHlsZSUzRCUyMmJvcmRlciUzQSUyMDFweCUyMHNvbGlkJTIwcmdiYSUyODAlMkMlMjAwJTJDJTIwMCUyQyUyMDAuMSUyOSUzQiUyMGhlaWdodCUzQSUyMDNweCUzQiUyMHdpZHRoJTNBJTIwMTc2cHglM0IlMjBiYWNrZ3JvdW5kLWNvbG9yJTNBJTIwJTIzZjRmOWZiJTNCJTIwdGV4dC1hbGlnbiUzQSUyMGNlbnRlciUzQiUyMiUzRSUzQ3NwYW4lMjBzdHlsZSUzRCUyMmZvbnQtc2l6ZSUzQSUyMDIwcHQlM0IlMjBjb2xvciUzQSUyMCUyMzNkZDkzZCUzQiUyMiUzRSUzQ2klMjAlMjBjbGFzcyUzRCUyMmZhJTIwZmEtY2hlY2stY2lyY2xlJTIwaWNvbi1zdWNjZXNzJTIyJTNFJTNDJTJGaSUzRSUzQyUyRnNwYW4lM0UlM0MlMkZ0ZCUzRSUwQSUyMCUyMCUzQ3RkJTIwYWxpZ24lM0QlMjJjZW50ZXIlMjIlMjB2YWxpZ24lM0QlMjJtaWRkbGUlMjIlMjBiZ2NvbG9yJTNEJTIyJTIzQ0NDQ0NDJTIyJTIwc3R5bGUlM0QlMjJib3JkZXIlM0ElMjAxcHglMjBzb2xpZCUyMHJnYmElMjgwJTJDJTIwMCUyQyUyMDAlMkMlMjAwLjElMjklM0IlMjBoZWlnaHQlM0ElMjAzcHglM0IlMjB3aWR0aCUzQSUyMDE3NnB4JTNCJTIwYmFja2dyb3VuZC1jb2xvciUzQSUyMCUyM2Y0ZjlmYiUzQiUyMHRleHQtYWxpZ24lM0ElMjBjZW50ZXIlM0IlMjIlM0UlM0NzcGFuJTIwc3R5bGUlM0QlMjJjb2xvciUzQSUyMCUyMzNkZDkzZCUzQiUyMGZvbnQtc2l6ZSUzQSUyMDIwcHQlM0IlMjIlM0UlM0NpJTIwJTIwY2xhc3MlM0QlMjJmYSUyMGZhLWNoZWNrLWNpcmNsZSUyMGljb24tc3VjY2VzcyUyMiUzRSUzQyUyRmklM0UlM0MlMkZzcGFuJTNFJTNDJTJGdGQlM0UlMEElMjAlMjAlM0N0ZCUyMGFsaWduJTNEJTIyY2VudGVyJTIyJTIwdmFsaWduJTNEJTIybWlkZGxlJTIyJTIwYmdjb2xvciUzRCUyMiUyM0NDQ0NDQyUyMiUyMHN0eWxlJTNEJTIyYm9yZGVyJTNBJTIwMXB4JTIwc29saWQlMjByZ2JhJTI4MCUyQyUyMDAlMkMlMjAwJTJDJTIwMC4xJTI5JTNCJTIwaGVpZ2h0JTNBJTIwM3B4JTNCJTIwd2lkdGglM0ElMjAxNzZweCUzQmJhY2tncm91bmQtY29sb3IlM0ElMjAlMjNmNGY5ZmIlM0IlMjB0ZXh0LWFsaWduJTNBJTIwY2VudGVyJTNCJTIyJTNFJTNDc3BhbiUyMHN0eWxlJTNEJTIyY29sb3IlM0ElMjAlMjNiODE4MTglM0IlMjBmb250LXNpemUlM0ElMjAyMHB0JTNCJTIyJTNFJTNDaSUyMGNsYXNzJTNEJTIyZmElMjBmYS10aW1lcy1jaXJjbGUlMjBpY29uLWRhbmdlciUyMiUzRSUzQyUyRmklM0UlM0MlMkZzcGFuJTNFJTNDJTJGdGQlM0UlMEElM0MlMkZ0ciUzRSUwQSUzQ3RyJTIwc3R5bGUlM0QlMjJib3JkZXIlM0ElMjAxcHglMjBzb2xpZCUyMHJnYmElMjgwJTJDJTIwMCUyQyUyMDAlMkMlMjAwLjElMjklM0IlMjBoZWlnaHQlM0ElMjAzcHglM0IlMjIlM0UlMEElM0N0ZCUyMHN0eWxlJTNEJTIyYm9yZGVyJTNBJTIwMXB4JTIwc29saWQlMjByZ2JhJTI4MCUyQyUyMDAlMkMlMjAwJTJDJTIwMC4xJTI5JTNCJTIwaGVpZ2h0JTNBJTIwM3B4JTNCJTIwd2lkdGglM0ElMjAzMCUyNSUzQiUyMGJhY2tncm91bmQtY29sb3IlM0ElMjAlMjNmZmZmZmYlM0IlMjB0ZXh0LWFsaWduJTNBJTIwbGVmdCUzQiUyMiUzRVYlQzMlQURkZW8lMjBkZSUyMHByb3BhZ2FuZGElMjBubyUyMHNpdGUlM0MlMkZ0ZCUzRSUwQSUzQ3RkJTIwYWxpZ24lM0QlMjJjZW50ZXIlMjIlMjB2YWxpZ24lM0QlMjJtaWRkbGUlMjIlMjBzdHlsZSUzRCUyMmJvcmRlciUzQSUyMDFweCUyMHNvbGlkJTIwcmdiYSUyODAlMkMlMjAwJTJDJTIwMCUyQyUyMDAuMSUyOSUzQiUyMGhlaWdodCUzQSUyMDNweCUzQiUyMHdpZHRoJTNBJTIwMTc2cHglM0IlMjBiYWNrZ3JvdW5kLWNvbG9yJTNBJTIwJTIzZmZmZmZmJTNCJTIwdGV4dC1hbGlnbiUzQSUyMGNlbnRlciUzQiUyMiUzRSUzQ3NwYW4lMjBzdHlsZSUzRCUyMmNvbG9yJTNBJTIwJTIzM2RkOTNkJTNCJTIwZm9udC1zaXplJTNBJTIwMjBwdCUzQiUyMiUzRSUzQ2klMjBjbGFzcyUzRCUyMmZhJTIwZmEtY2hlY2stY2lyY2xlJTIwaWNvbi1zdWNjZXNzJTIyJTNFJTNDJTJGaSUzRSUzQyUyRnNwYW4lM0UlM0MlMkZ0ZCUzRSUwQSUzQ3RkJTIwYWxpZ24lM0QlMjJjZW50ZXIlMjIlMjB2YWxpZ24lM0QlMjJtaWRkbGUlMjIlMjBzdHlsZSUzRCUyMmJvcmRlciUzQSUyMDFweCUyMHNvbGlkJTIwcmdiYSUyODAlMkMlMjAwJTJDJTIwMCUyQyUyMDAuMSUyOSUzQiUyMGhlaWdodCUzQSUyMDNweCUzQiUyMHdpZHRoJTNBJTIwMTc2cHglM0IlMjBiYWNrZ3JvdW5kLWNvbG9yJTNBJTIwJTIzZmZmZmZmJTNCJTIwdGV4dC1hbGlnbiUzQSUyMGNlbnRlciUzQiUyMiUzRSUzQ3NwYW4lMjBzdHlsZSUzRCUyMmNvbG9yJTNBJTIwJTIzM2RkOTNkJTNCJTIwZm9udC1zaXplJTNBJTIwMjBwdCUzQiUyMiUzRSUzQ2klMjAlMjBjbGFzcyUzRCUyMmZhJTIwZmEtY2hlY2stY2lyY2xlJTIwaWNvbi1zdWNjZXNzJTIyJTNFJTNDJTJGaSUzRSUzQyUyRnNwYW4lM0UlM0MlMkZ0ZCUzRSUwQSUzQ3RkJTIwYWxpZ24lM0QlMjJjZW50ZXIlMjIlMjB2YWxpZ24lM0QlMjJtaWRkbGUlMjIlMjBzdHlsZSUzRCUyMmJvcmRlciUzQSUyMDFweCUyMHNvbGlkJTIwcmdiYSUyODAlMkMlMjAwJTJDJTIwMCUyQyUyMDAuMSUyOSUzQiUyMGhlaWdodCUzQSUyMDNweCUzQiUyMHdpZHRoJTNBJTIwMTc2cHglM0IlMjBiYWNrZ3JvdW5kLWNvbG9yJTNBJTIwJTIzZmZmZmZmJTNCJTIwdGV4dC1hbGlnbiUzQSUyMGNlbnRlciUzQiUyMiUzRSUzQ3NwYW4lMjBzdHlsZSUzRCUyMmNvbG9yJTNBJTIwJTIzM2RkOTNkJTNCJTIwZm9udC1zaXplJTNBJTIwMjBwdCUzQiUyMiUzRSUzQ2klMjAlMjBjbGFzcyUzRCUyMmZhJTIwZmEtY2hlY2stY2lyY2xlJTIwaWNvbi1zdWNjZXNzJTIyJTNFJTNDJTJGaSUzRSUzQyUyRnNwYW4lM0UlM0MlMkZ0ZCUzRSUwQSUzQ3RkJTIwYWxpZ24lM0QlMjJjZW50ZXIlMjIlMjB2YWxpZ24lM0QlMjJtaWRkbGUlMjIlMjBzdHlsZSUzRCUyMmJvcmRlciUzQSUyMDFweCUyMHNvbGlkJTIwcmdiYSUyODAlMkMlMjAwJTJDJTIwMCUyQyUyMDAuMSUyOSUzQiUyMGhlaWdodCUzQSUyMDNweCUzQiUyMHdpZHRoJTNBJTIwMTc2cHglM0IlMjBiYWNrZ3JvdW5kLWNvbG9yJTNBJTIwJTIzZmZmZmZmJTNCJTIwdGV4dC1hbGlnbiUzQSUyMGNlbnRlciUzQiUyMiUzRSUzQ3NwYW4lMjBzdHlsZSUzRCUyMmZvbnQtc2l6ZSUzQSUyMDIwcHQlM0IlMjBjb2xvciUzQSUyMCUyMzNkZDkzZCUzQiUyMiUzRSUzQ2klMjAlMjBjbGFzcyUzRCUyMmZhJTIwZmEtY2hlY2stY2lyY2xlJTIwaWNvbi1zdWNjZXNzJTIyJTNFJTNDJTJGaSUzRSUzQyUyRnNwYW4lM0UlM0MlMkZ0ZCUzRSUwQSUzQyUyRnRyJTNFJTBBJTNDdHIlMjBzdHlsZSUzRCUyMmJvcmRlciUzQSUyMDFweCUyMHNvbGlkJTIwcmdiYSUyODAlMkMlMjAwJTJDJTIwMCUyQyUyMDAuMSUyOSUzQiUyMGhlaWdodCUzQSUyMDNweCUzQiUyMiUzRSUwQSUzQ3RkJTIwYmdjb2xvciUzRCUyMiUyM0NDQ0NDQyUyMiUyMHN0eWxlJTNEJTIyYm9yZGVyJTNBJTIwMXB4JTIwc29saWQlMjByZ2JhJTI4MCUyQyUyMDAlMkMlMjAwJTJDJTIwMC4xJTI5JTNCJTIwaGVpZ2h0JTNBJTIwM3B4JTNCJTIwd2lkdGglM0ElMjAzMCUyNSUzQiUyMGJhY2tncm91bmQtY29sb3IlM0ElMjAlMjNmNGY5ZmIlM0IlMjB0ZXh0LWFsaWduJTNBJTIwbGVmdCUzQiUyMiUzRUxvZ29tYXJjYSUyMGVtJTIwdG9kbyUyMG1hdGVyaWFsJTIwZGUlMjBkaXZ1bGdhJUMzJUE3JUMzJUEzbyUzQyUyRnRkJTNFJTBBJTNDdGQlMjBhbGlnbiUzRCUyMmNlbnRlciUyMiUyMHZhbGlnbiUzRCUyMm1pZGRsZSUyMiUyMGJnY29sb3IlM0QlMjIlMjNDQ0NDQ0MlMjIlMjBzdHlsZSUzRCUyMmJvcmRlciUzQSUyMDFweCUyMHNvbGlkJTIwcmdiYSUyODAlMkMlMjAwJTJDJTIwMCUyQyUyMDAuMSUyOSUzQiUyMGhlaWdodCUzQSUyMDNweCUzQiUyMHdpZHRoJTNBJTIwMTc2cHglM0IlMjBiYWNrZ3JvdW5kLWNvbG9yJTNBJTIwJTIzZjRmOWZiJTNCJTIwdGV4dC1hbGlnbiUzQSUyMGNlbnRlciUzQiUyMiUzRSUzQ3NwYW4lMjBzdHlsZSUzRCUyMmNvbG9yJTNBJTIwJTIzM2RkOTNkJTNCJTIwZm9udC1zaXplJTNBJTIwMjBwdCUzQiUyMiUzRSUzQ2klMjBjbGFzcyUzRCUyMmZhJTIwZmEtY2hlY2stY2lyY2xlJTIwaWNvbi1zdWNjZXNzJTIyJTNFJTNDJTJGaSUzRSUzQyUyRnNwYW4lM0UlM0MlMkZ0ZCUzRSUwQSUzQ3RkJTIwYWxpZ24lM0QlMjJjZW50ZXIlMjIlMjB2YWxpZ24lM0QlMjJtaWRkbGUlMjIlMjBiZ2NvbG9yJTNEJTIyJTIzQ0NDQ0NDJTIyJTIwc3R5bGUlM0QlMjJib3JkZXIlM0ElMjAxcHglMjBzb2xpZCUyMHJnYmElMjgwJTJDJTIwMCUyQyUyMDAlMkMlMjAwLjElMjklM0IlMjBoZWlnaHQlM0ElMjAzcHglM0IlMjB3aWR0aCUzQSUyMDE3NnB4JTNCJTIwYmFja2dyb3VuZC1jb2xvciUzQSUyMCUyM2Y0ZjlmYiUzQnRleHQtYWxpZ24lM0ElMjBjZW50ZXIlM0IlMjIlM0UlM0NzcGFuJTIwc3R5bGUlM0QlMjJjb2xvciUzQSUyMCUyMzNkZDkzZCUzQiUyMGZvbnQtc2l6ZSUzQSUyMDIwcHQlM0IlMjIlM0UlM0NpJTIwJTIwY2xhc3MlM0QlMjJmYSUyMGZhLWNoZWNrLWNpcmNsZSUyMGljb24tc3VjY2VzcyUyMiUzRSUzQyUyRmklM0UlM0MlMkZzcGFuJTNFJTNDJTJGdGQlM0UlMEElM0N0ZCUyMGFsaWduJTNEJTIyY2VudGVyJTIyJTIwdmFsaWduJTNEJTIybWlkZGxlJTIyJTIwYmdjb2xvciUzRCUyMiUyM0NDQ0NDQyUyMiUyMHN0eWxlJTNEJTIyYm9yZGVyJTNBJTIwMXB4JTIwc29saWQlMjByZ2JhJTI4MCUyQyUyMDAlMkMlMjAwJTJDJTIwMC4xJTI5JTNCJTIwaGVpZ2h0JTNBJTIwM3B4JTNCJTIwd2lkdGglM0ElMjAxNzZweCUzQiUyMGJhY2tncm91bmQtY29sb3IlM0ElMjAlMjNmNGY5ZmIlM0IlMjB0ZXh0LWFsaWduJTNBJTIwY2VudGVyJTNCJTIyJTNFJTNDc3BhbiUyMHN0eWxlJTNEJTIyY29sb3IlM0ElMjAlMjMzZGQ5M2QlM0IlMjBmb250LXNpemUlM0ElMjAyMHB0JTNCJTIyJTNFJTNDaSUyMCUyMGNsYXNzJTNEJTIyZmElMjBmYS1jaGVjay1jaXJjbGUlMjBpY29uLXN1Y2Nlc3MlMjIlM0UlM0MlMkZpJTNFJTNDJTJGc3BhbiUzRSUzQyUyRnRkJTNFJTBBJTNDdGQlMjBhbGlnbiUzRCUyMmNlbnRlciUyMiUyMHZhbGlnbiUzRCUyMm1pZGRsZSUyMiUyMGJnY29sb3IlM0QlMjIlMjNDQ0NDQ0MlMjIlMjBzdHlsZSUzRCUyMmJvcmRlciUzQSUyMDFweCUyMHNvbGlkJTIwcmdiYSUyODAlMkMlMjAwJTJDJTIwMCUyQyUyMDAuMSUyOSUzQiUyMGhlaWdodCUzQSUyMDNweCUzQiUyMHdpZHRoJTNBJTIwMTc2cHglM0IlMjBiYWNrZ3JvdW5kLWNvbG9yJTNBJTIwJTIzZmZmZmZmJTNCYmFja2dyb3VuZC1jb2xvciUzQSUyMCUyM2Y0ZjlmYiUzQiUyMHRleHQtYWxpZ24lM0ElMjBjZW50ZXIlM0IlMjIlM0UlM0NzcGFuJTIwc3R5bGUlM0QlMjJmb250LXNpemUlM0ElMjAyMHB0JTNCJTIwY29sb3IlM0ElMjAlMjMzZGQ5M2QlM0IlMjIlM0UlM0NpJTIwJTIwY2xhc3MlM0QlMjJmYSUyMGZhLWNoZWNrLWNpcmNsZSUyMGljb24tc3VjY2VzcyUyMiUzRSUzQyUyRmklM0UlMjAlM0MlMkZzcGFuJTNFJTNDJTJGdGQlM0UlMEElM0MlMkZ0ciUzRSUwQSUzQ3RyJTIwc3R5bGUlM0QlMjJib3JkZXIlM0ElMjAxcHglMjBzb2xpZCUyMHJnYmElMjgwJTJDJTIwMCUyQyUyMDAlMkMlMjAwLjElMjklM0IlMjBoZWlnaHQlM0ElMjAzcHglM0IlMjIlM0UlMEElM0N0ZCUyMHN0eWxlJTNEJTIyYm9yZGVyJTNBJTIwMXB4JTIwc29saWQlMjByZ2JhJTI4MCUyQyUyMDAlMkMlMjAwJTJDJTIwMC4xJTI5JTNCJTIwaGVpZ2h0JTNBJTIwM3B4JTNCJTIwd2lkdGglM0ElMjAzMCUyNSUzQiUyMGJhY2tncm91bmQtY29sb3IlM0ElMjAlMjNmZmZmZmYlM0IlMjB0ZXh0LWFsaWduJTNBJTIwbGVmdCUzQiUyMiUzRUluc2NyaSVDMyVBNyVDMyVCNWVzJTIwZ3JhdHVpdGFzJTIwbm8lMjBjb25ncmVzc28lM0MlMkZ0ZCUzRSUwQSUzQ3RkJTIwc3R5bGUlM0QlMjJib3JkZXIlM0ElMjAxcHglMjBzb2xpZCUyMHJnYmElMjgwJTJDJTIwMCUyQyUyMDAlMkMlMjAwLjElMjklM0IlMjBoZWlnaHQlM0ElMjAzcHglM0IlMjB3aWR0aCUzQSUyMDE3NnB4JTNCJTIwYmFja2dyb3VuZC1jb2xvciUzQSUyMCUyM2ZmZmZmZiUzQiUyMHRleHQtYWxpZ24lM0ElMjBjZW50ZXIlM0IlMjIlM0U2JTIwaW5zY3JpJUMzJUE3JUMzJUI1ZXMlM0MlMkZ0ZCUzRSUwQSUzQ3RkJTIwc3R5bGUlM0QlMjJib3JkZXIlM0ElMjAxcHglMjBzb2xpZCUyMHJnYmElMjgwJTJDJTIwMCUyQyUyMDAlMkMlMjAwLjElMjklM0IlMjBoZWlnaHQlM0ElMjAzcHglM0IlMjB3aWR0aCUzQSUyMDE3NnB4JTNCJTIwYmFja2dyb3VuZC1jb2xvciUzQSUyMCUyM2ZmZmZmZiUzQiUyMHRleHQtYWxpZ24lM0ElMjBjZW50ZXIlM0IlMjIlM0U0JTIwaW5zY3JpJUMzJUE3JUMzJUI1ZXMlM0MlMkZ0ZCUzRSUwQSUzQ3RkJTIwc3R5bGUlM0QlMjJib3JkZXIlM0ElMjAxcHglMjBzb2xpZCUyMHJnYmElMjgwJTJDJTIwMCUyQyUyMDAlMkMlMjAwLjElMjklM0IlMjBoZWlnaHQlM0ElMjAzcHglM0IlMjB3aWR0aCUzQSUyMDE3NnB4JTNCJTIwYmFja2dyb3VuZC1jb2xvciUzQSUyMCUyM2ZmZmZmZiUzQiUyMHRleHQtYWxpZ24lM0ElMjBjZW50ZXIlM0IlMjIlM0UyJTIwaW5zY3JpJUMzJUE3JUMzJUI1ZXMlM0MlMkZ0ZCUzRSUwQSUzQ3RkJTIwc3R5bGUlM0QlMjJib3JkZXIlM0ElMjAxcHglMjBzb2xpZCUyMHJnYmElMjgwJTJDJTIwMCUyQyUyMDAlMkMlMjAwLjElMjklM0IlMjBoZWlnaHQlM0ElMjAzcHglM0IlMjB3aWR0aCUzQSUyMDE3NnB4JTNCJTIwYmFja2dyb3VuZC1jb2xvciUzQSUyMCUyM2ZmZmZmZiUzQiUyMHRleHQtYWxpZ24lM0ElMjBjZW50ZXIlM0IlMjIlM0UxJTIwaW5zY3JpJUMzJUE3JUMzJUI1ZXMlM0MlMkZ0ZCUzRSUwQSUzQyUyRnRyJTNFJTBBJTNDJTJGdGJvZHklM0UlMEElM0MlMkZ0YWJsZSUzRSUwQSUzQyUyMS0tJTNDcCUzRSUzQ3N0cm9uZyUzRSUzQ2JyJTIwJTJGJTNFUHJvamV0byVDMiVBMGRlJTIwQ2FwdGElQzMlQTclQzMlQTNvJTNDJTJGc3Ryb25nJTNFJTIwJUUyJTgwJTkzJTIwJTNDYSUyMGhyZWYlM0QlMjJodHRwJTNBJTJGJTJGZW5vYWMub3JnLmJyJTJGc2l0ZSUyRndwLWNvbnRlbnQlMkZ1cGxvYWRzJTJGMjAxOSUyRjA1JTJGUHJvamV0by1kZS1DYXB0YSVDMyVBNyVDMyVBM28ucGRmJTIyJTIwdGFyZ2V0JTNEJTIyX2JsYW5rJTIyJTIwcmVsJTNEJTIybm9vcGVuZXIlMjBub3JlZmVycmVyJTIyJTNFY2xpcXVlJTIwYXF1aSUzQyUyRmElM0UlM0MlMkZwJTNFLS0lM0UlMEElM0NwJTNFJTI2bmJzcCUzQiUzQyUyRnAlM0U=[\/om_html_table][vc_column_text]<\/p>\n<h4><b>Apoiador Institucional: <\/b><\/h4>\n<p>Entende-se por apoiador do METROLOGIA 2021, a empresa, laborat\u00f3rio ou organiza\u00e7\u00e3o interessada em apoiar o evento sem recursos financeiros. O apoiador dever\u00e1 divulgar o evento, atrav\u00e9s do seu e-mail marketing e\/ou outros meios de divulga\u00e7\u00e3o.<\/p>\n<p>As organiza\u00e7\u00f5es que colaborarem na categoria apoiador institucional ter\u00e3o a sua logomarca no site do congresso.<\/p>\n<p>E-mail: <u><a href=\"mailto:eventos@metrologia.org.br\">eventos@metrologia.org.br<\/a><\/u><\/p>\n<table>\n<tbody>\n<tr>\n<td><img loading=\"lazy\" class=\"lazyload wp-image-7013 alignleft\" src=\"data:image\/gif;base64,R0lGODlhAQABAAAAACH5BAEKAAEALAAAAAABAAEAAAICTAEAOw==\" data-src=\"https:\/\/metrologia.org.br\/wpsite\/wp-content\/uploads\/2016\/04\/whatsapp-logo-150x150.png\" alt=\"whatsapp-logo\" width=\"20\" height=\"20\" \/><\/td>\n<td>(21) 99756-5932<\/td>\n<\/tr>\n<\/tbody>\n<\/table>\n<p>[\/vc_column_text][\/vc_column][\/vc_row][vc_row][vc_column][\/vc_column][\/vc_row]<\/p>\n","protected":false},"excerpt":{"rendered":"<p>[vc_row][vc_column][vc_column_text]O Metrologia 2021 reunir\u00e1 pesquisadores, representantes de institui\u00e7\u00f5es nacionais e internacionais que estudam e trabalham em tecnologias e produtos da metrologia e da avalia\u00e7\u00e3o de&hellip;<\/p>\n<p><a href=\"https:\/\/metrologia2021.org.br\/?page_id=601\" class=\"read-more-link\"><span class=\"read-more-icon\"><\/span>Leia mais<\/a><\/p>\n","protected":false},"author":1,"featured_media":0,"parent":0,"menu_order":0,"comment_status":"closed","ping_status":"closed","template":"","meta":[],"_links":{"self":[{"href":"https:\/\/metrologia2021.org.br\/index.php?rest_route=\/wp\/v2\/pages\/601"}],"collection":[{"href":"https:\/\/metrologia2021.org.br\/index.php?rest_route=\/wp\/v2\/pages"}],"about":[{"href":"https:\/\/metrologia2021.org.br\/index.php?rest_route=\/wp\/v2\/types\/page"}],"author":[{"embeddable":true,"href":"https:\/\/metrologia2021.org.br\/index.php?rest_route=\/wp\/v2\/users\/1"}],"replies":[{"embeddable":true,"href":"https:\/\/metrologia2021.org.br\/index.php?rest_route=%2Fwp%2Fv2%2Fcomments&post=601"}],"version-history":[{"count":18,"href":"https:\/\/metrologia2021.org.br\/index.php?rest_route=\/wp\/v2\/pages\/601\/revisions"}],"predecessor-version":[{"id":1272,"href":"https:\/\/metrologia2021.org.br\/index.php?rest_route=\/wp\/v2\/pages\/601\/revisions\/1272"}],"wp:attachment":[{"href":"https:\/\/metrologia2021.org.br\/index.php?rest_route=%2Fwp%2Fv2%2Fmedia&parent=601"}],"curies":[{"name":"wp","href":"https:\/\/api.w.org\/{rel}","templated":true}]}}