{"id":864,"date":"2021-01-20T14:20:01","date_gmt":"2021-01-20T17:20:01","guid":{"rendered":"https:\/\/metrologia2021.org.br\/?page_id=864"},"modified":"2021-08-18T11:32:42","modified_gmt":"2021-08-18T14:32:42","slug":"cbm","status":"publish","type":"page","link":"https:\/\/metrologia2021.org.br\/?page_id=864","title":{"rendered":"CBM"},"content":{"rendered":"<p>[vc_row][vc_column][vc_btn title=&#8221;VOLTAR&#8221; align=&#8221;right&#8221; link=&#8221;url:javascript%3Ahistory.back()|||&#8221;][vc_column_text]<img loading=\"lazy\" class=\"lazyload wp-image-952 aligncenter\" src=\"data:image\/gif;base64,R0lGODlhAQABAAAAACH5BAEKAAEALAAAAAABAAEAAAICTAEAOw==\" data-src=\"https:\/\/metrologia2021.org.br\/wp-content\/uploads\/2021\/03\/LOGO11_CBM_2-Branco.png\" alt=\"\" width=\"466\" height=\"262\" data-srcset=\"https:\/\/metrologia2021.org.br\/wp-content\/uploads\/2021\/03\/LOGO11_CBM_2-Branco.png 550w, https:\/\/metrologia2021.org.br\/wp-content\/uploads\/2021\/03\/LOGO11_CBM_2-Branco-300x169.png 300w\" data-sizes=\"(max-width: 466px) 100vw, 466px\" \/><\/p>\n<ul>\n<li>Metrologia F\u00edsica (T\u00e9rmica, Ac\u00fastica, Magnetismo, Telecomunica\u00e7\u00f5es);<\/li>\n<li>Metrologia de Materiais;<\/li>\n<li>Metrologia Qu\u00edmica;<\/li>\n<li>Metrologia Biol\u00f3gica;<\/li>\n<li>Metrologia nas \u00e1reas de sa\u00fade e alimenta\u00e7\u00e3o;<\/li>\n<li>Incerteza, Estat\u00edsticas e Matem\u00e1tica;<\/li>\n<li>Metrologia Legal;<\/li>\n<li>Sistemas de gest\u00e3o;<\/li>\n<li>Infraestrutura para laborat\u00f3rios;<\/li>\n<li>Instrumenta\u00e7\u00e3o, Automatiza\u00e7\u00e3o e Rob\u00f3tica;<\/li>\n<li>Metrologia, Normaliza\u00e7\u00e3o e Avalia\u00e7\u00e3o da Conformidade;<\/li>\n<li>Educa\u00e7\u00e3o.<\/li>\n<\/ul>\n<p>[\/vc_column_text][\/vc_column][\/vc_row][vc_row][vc_column][vc_btn title=&#8221;Comit\u00ea T\u00e9cnico &#8211; CBM&#8221; uppercase=&#8221;yes&#8221; link=&#8221;url:https%3A%2F%2Fmetrologia2021.org.br%2F%3Fpage_id%3D1194|title:Comit%C3%AA%20T%C3%A9cnico%20%E2%80%93%20CBM||&#8221;][\/vc_column][\/vc_row]<\/p>\n","protected":false},"excerpt":{"rendered":"<p>[vc_row][vc_column][vc_btn title=&#8221;VOLTAR&#8221; align=&#8221;right&#8221; link=&#8221;url:javascript%3Ahistory.back()|||&#8221;][vc_column_text] Metrologia F\u00edsica (T\u00e9rmica, Ac\u00fastica, Magnetismo, Telecomunica\u00e7\u00f5es); Metrologia de Materiais; Metrologia Qu\u00edmica; Metrologia Biol\u00f3gica; Metrologia nas \u00e1reas de sa\u00fade e alimenta\u00e7\u00e3o; Incerteza,&hellip;<\/p>\n<p><a href=\"https:\/\/metrologia2021.org.br\/?page_id=864\" class=\"read-more-link\"><span class=\"read-more-icon\"><\/span>Leia mais<\/a><\/p>\n","protected":false},"author":1,"featured_media":0,"parent":0,"menu_order":0,"comment_status":"closed","ping_status":"closed","template":"","meta":[],"_links":{"self":[{"href":"https:\/\/metrologia2021.org.br\/index.php?rest_route=\/wp\/v2\/pages\/864"}],"collection":[{"href":"https:\/\/metrologia2021.org.br\/index.php?rest_route=\/wp\/v2\/pages"}],"about":[{"href":"https:\/\/metrologia2021.org.br\/index.php?rest_route=\/wp\/v2\/types\/page"}],"author":[{"embeddable":true,"href":"https:\/\/metrologia2021.org.br\/index.php?rest_route=\/wp\/v2\/users\/1"}],"replies":[{"embeddable":true,"href":"https:\/\/metrologia2021.org.br\/index.php?rest_route=%2Fwp%2Fv2%2Fcomments&post=864"}],"version-history":[{"count":8,"href":"https:\/\/metrologia2021.org.br\/index.php?rest_route=\/wp\/v2\/pages\/864\/revisions"}],"predecessor-version":[{"id":1215,"href":"https:\/\/metrologia2021.org.br\/index.php?rest_route=\/wp\/v2\/pages\/864\/revisions\/1215"}],"wp:attachment":[{"href":"https:\/\/metrologia2021.org.br\/index.php?rest_route=%2Fwp%2Fv2%2Fmedia&parent=864"}],"curies":[{"name":"wp","href":"https:\/\/api.w.org\/{rel}","templated":true}]}}