{"id":920,"date":"2021-02-04T10:50:19","date_gmt":"2021-02-04T13:50:19","guid":{"rendered":"https:\/\/metrologia2021.org.br\/?page_id=920"},"modified":"2021-07-30T08:44:38","modified_gmt":"2021-07-30T11:44:38","slug":"920-2","status":"publish","type":"page","link":"https:\/\/metrologia2021.org.br\/?page_id=920","title":{"rendered":"REMEQ-I"},"content":{"rendered":"<p>[vc_row][vc_column][vc_btn title=&#8221;VOLTAR&#8221; align=&#8221;right&#8221; link=&#8221;url:javascript%3Ahistory.back()|||&#8221;][vc_column_text]<\/p>\n<p style=\"text-align: justify;\">A Rede de Metrologia Qu\u00edmica do Inmetro (Remeq-I) tem a miss\u00e3o de contribuir para a confiabilidade nas medi\u00e7\u00f5es em qu\u00edmica no pa\u00eds, disseminando a cultura da metrologia, promovendo o desenvolvimento e uso de material de refer\u00eancia, material de refer\u00eancia certificado, o provimento de ensaios de profici\u00eancia e a coopera\u00e7\u00e3o entre seus integrantes para proporcionar ao setor produtivo condi\u00e7\u00f5es para melhorar a qualidade dos produtos e servi\u00e7os.<\/p>\n<p style=\"text-align: justify;\">Criada em dezembro de 2012, re\u00fane produtores de Materiais de Refer\u00eancia e provedores de Ensaios de Profici\u00eancia. A Remeq-I hoje conta com 51 institui\u00e7\u00f5es afiliadas, incluindo 104 laborat\u00f3rios localizados em todo o Brasil.<\/p>\n<p style=\"text-align: justify;\">A coordena\u00e7\u00e3o desta Rede \u00e9 do Inmetro, que conta com um a ajuda de um Comit\u00ea Executivo,\u00a0\u00f3rg\u00e3o colegiado composto por representantes de v\u00e1rias Diretorias e Coordena\u00e7\u00f5es do Inmetro,\u00a0e a assessoria de um Comit\u00ea Consultivo formado por importantes institui\u00e7\u00f5es como a ANP, ABIQUIM, ANVISA, CETESB, FIOCRUZ, SENAI-DN, MAPA, EMBRAPA e UFRJ.<\/p>\n<p style=\"text-align: justify;\">A organiza\u00e7\u00e3o deste VI Workshop da Rede visa reunir estes diversos atores da metrologia qu\u00edmica no Brasil com o objetivo de promover \u00e0 integra\u00e7\u00e3o de interesses, a troca de experi\u00eancias e a colabora\u00e7\u00e3o t\u00e9cnica.<\/p>\n<p style=\"text-align: justify;\">Neste ano, o VI Workshop da Rede de Metrologia Qu\u00edmica do Inmetro (Remeq-I) ser\u00e1 virtual e ocorrer\u00e1 das 16h \u00e0s 18:30h do dia 21 de outubro de 2021. Este Workshop contar\u00e1 com duas mesas redondas:<\/p>\n<ul style=\"text-align: justify;\">\n<li>A primeira Mesa Redonda (16:00h \u2013 17:00h) tem como tema:<\/li>\n<\/ul>\n<p style=\"text-align: justify;\">\u201cRastreabilidade Metrol\u00f3gica: Como evidenci\u00e1-la?\u201d<\/p>\n<p style=\"text-align: justify;\">Coordenada pela Dr\u00aa. Vanderl\u00e9a de Souza, contar\u00e1 com a presen\u00e7a de representantes da CETESB e outras institui\u00e7\u00f5es na \u00e1rea de saneamento, visa esclarecer d\u00favidas de produtores e demandantes em como demonstrar a rastreabilidade metrol\u00f3gica dos Materiais de Refer\u00eancia e apoiar os membros da Rede a oferecer seus produtos tecnol\u00f3gicos atendendo a editais de licita\u00e7\u00e3o.<\/p>\n<ul style=\"text-align: justify;\">\n<li>A segunda Mesa Redonda (17:00h \u2013 18:30h) tem como tema:<\/li>\n<\/ul>\n<p style=\"text-align: justify;\">&#8220;Ferramentas Metrol\u00f3gicas para a qualidade do Diagn\u00f3stico In Vitro da Covid-19&#8221;<\/p>\n<p style=\"text-align: justify;\">Coordenada pela Dr\u00aa. \u00c1urea Valadares, contar\u00e1 com a participa\u00e7\u00e3o das discuss\u00f5es o BCRJ, Control Lab, PNCQ e o Inmetro com foco na produ\u00e7\u00e3o de padr\u00f5es e\/ou materiais de refer\u00eancia, na organiza\u00e7\u00e3o de compara\u00e7\u00f5es interlaboratoriais e\/ou ensaios de profici\u00eancia. Al\u00e9m das conquistas, buscaremos levantar as principais dificuldades enfrentadas para que possamos, na Remeq-I, encontrar solu\u00e7\u00f5es e parcerias que possam ajudar os laborat\u00f3rios a super\u00e1-las.<\/p>\n<p style=\"text-align: justify;\">Esperamos sua participa\u00e7\u00e3o e contribui\u00e7\u00e3o para as discuss\u00f5es para, quem sabe, encontrar novas solu\u00e7\u00f5es e parcerias.\u00a0 Participe!<\/p>\n<p>[\/vc_column_text][\/vc_column][\/vc_row]<\/p>\n","protected":false},"excerpt":{"rendered":"<p>[vc_row][vc_column][vc_btn title=&#8221;VOLTAR&#8221; align=&#8221;right&#8221; link=&#8221;url:javascript%3Ahistory.back()|||&#8221;][vc_column_text] A Rede de Metrologia Qu\u00edmica do Inmetro (Remeq-I) tem a miss\u00e3o de contribuir para a confiabilidade nas medi\u00e7\u00f5es em qu\u00edmica no&hellip;<\/p>\n<p><a href=\"https:\/\/metrologia2021.org.br\/?page_id=920\" class=\"read-more-link\"><span class=\"read-more-icon\"><\/span>Leia mais<\/a><\/p>\n","protected":false},"author":1,"featured_media":0,"parent":0,"menu_order":0,"comment_status":"closed","ping_status":"closed","template":"","meta":[],"_links":{"self":[{"href":"https:\/\/metrologia2021.org.br\/index.php?rest_route=\/wp\/v2\/pages\/920"}],"collection":[{"href":"https:\/\/metrologia2021.org.br\/index.php?rest_route=\/wp\/v2\/pages"}],"about":[{"href":"https:\/\/metrologia2021.org.br\/index.php?rest_route=\/wp\/v2\/types\/page"}],"author":[{"embeddable":true,"href":"https:\/\/metrologia2021.org.br\/index.php?rest_route=\/wp\/v2\/users\/1"}],"replies":[{"embeddable":true,"href":"https:\/\/metrologia2021.org.br\/index.php?rest_route=%2Fwp%2Fv2%2Fcomments&post=920"}],"version-history":[{"count":6,"href":"https:\/\/metrologia2021.org.br\/index.php?rest_route=\/wp\/v2\/pages\/920\/revisions"}],"predecessor-version":[{"id":1150,"href":"https:\/\/metrologia2021.org.br\/index.php?rest_route=\/wp\/v2\/pages\/920\/revisions\/1150"}],"wp:attachment":[{"href":"https:\/\/metrologia2021.org.br\/index.php?rest_route=%2Fwp%2Fv2%2Fmedia&parent=920"}],"curies":[{"name":"wp","href":"https:\/\/api.w.org\/{rel}","templated":true}]}}